{"id":209,"date":"2024-01-04T12:38:11","date_gmt":"2024-01-04T09:38:11","guid":{"rendered":"https:\/\/ofistoptan.com\/?post_type=product&#038;p=209"},"modified":"2024-03-02T11:36:44","modified_gmt":"2024-03-02T08:36:44","slug":"tulip-makam-takimi","status":"publish","type":"product","link":"https:\/\/ofistoptan.com\/?product=tulip-makam-takimi","title":{"rendered":"Tulip Makam Tak\u0131m\u0131"},"content":{"rendered":"<h4 data-sourcepos=\"1:1-1:71\"><strong>Tak\u0131m\u0131n Tulip Makam Tak\u0131m\u0131: \u0130\u015fyerinizin Esteti\u011fini ve Verimlili\u011fini Art\u0131r\u0131n<\/strong><\/h4>\n<p data-sourcepos=\"3:1-3:232\">Tulip Makam Tak\u0131m\u0131, modern ofislerin ihtiyac\u0131 olan her \u015feyi bir arada sunar. \u015e\u0131k ve zarif tasar\u0131m\u0131, ergonomik yap\u0131s\u0131 ve dayan\u0131kl\u0131 malzemeleri ile Tulip, i\u015fyerinizin hem i\u015flevsel hem de estetik a\u00e7\u0131dan m\u00fckemmel g\u00f6r\u00fcnmesini sa\u011fl\u0131yor.<\/p>\n<h4 data-sourcepos=\"5:1-5:34\"><strong>Tulip&#8217;in \u015e\u0131k ve Zarif Tasar\u0131m\u0131<\/strong><\/h4>\n<p data-sourcepos=\"7:1-7:202\">Tulip&#8217;in \u015f\u0131k ve zarif tasar\u0131m\u0131, i\u015fyerinize modern bir g\u00f6r\u00fcn\u00fcm kazand\u0131r\u0131yor. Ah\u015fap ve metalin do\u011fal renkleri ile uyumlu bir tasar\u0131ma sahip olan Tulip, i\u015fyerinizde huzurlu ve davetkar bir ortam yarat\u0131yor.<\/p>\n<p data-sourcepos=\"9:1-9:309\">Tulip&#8217;in tasar\u0131m\u0131, i\u015fyerinizdeki ge\u00e7i\u015fleri daha anlaml\u0131 hale getirmeye de yard\u0131mc\u0131 oluyor. Masalar, sehpalar ve sandalyeler aras\u0131ndaki uyumlu tasar\u0131m, i\u015fyerinizdeki hareketlili\u011fi daha ak\u0131c\u0131 ve estetik bir hale getiriyor. Bu sayede, \u00e7al\u0131\u015fanlar\u0131n\u0131z\u0131n i\u015fyerinde daha rahat ve verimli hareket etmeleri sa\u011flan\u0131yor.<\/p>\n<h4 data-sourcepos=\"11:1-11:29\"><strong>Tulip&#8217;in Ergonomik Yap\u0131s\u0131<\/strong><\/h4>\n<p data-sourcepos=\"13:1-13:312\">Tulip&#8217;in ergonomik yap\u0131s\u0131, \u00e7al\u0131\u015fanlar\u0131n\u0131z\u0131n konforunu ve \u00fcretkenli\u011fini art\u0131r\u0131yor. <a href=\"https:\/\/ofistoptan.com\/?product=zinnia-makam-takimlari\">Makam tak\u0131m\u0131n\u0131n<\/a>, \u00e7al\u0131\u015fanlar\u0131n\u0131z\u0131n do\u011fru bir duru\u015fta oturmalar\u0131n\u0131 sa\u011flayan y\u00fckseklik ve a\u00e7\u0131 ayarlanabilirli\u011fi sunuyor. Tak\u0131m\u0131n sandalyeleri ise \u00e7al\u0131\u015fanlar\u0131n\u0131z\u0131n bel ve s\u0131rt a\u011fr\u0131lar\u0131n\u0131 azaltmaya yard\u0131mc\u0131 olan \u00f6zel tasar\u0131ma sahip.<\/p>\n<h4 data-sourcepos=\"15:1-15:34\"><strong>Tulip&#8217;in Dayan\u0131kl\u0131 Malzemeleri<\/strong><\/h4>\n<p data-sourcepos=\"17:1-17:313\">Tulip&#8217;in dayan\u0131kl\u0131 malzemeleri, uzun y\u0131llar boyunca sorunsuz bir \u015fekilde kullan\u0131lmas\u0131n\u0131 sa\u011fl\u0131yor. Tak\u0131m\u0131n masalar\u0131, ah\u015fap ve metalin dayan\u0131kl\u0131l\u0131\u011f\u0131yla birle\u015fti bu sayede, darbelere ve \u00e7izilmelere kar\u015f\u0131 diren\u00e7li bir yap\u0131ya sahip.\u00a0 sandalyeleri ise sa\u011flam bir metal iskelet ve rahat bir kuma\u015f kaplama ile \u00fcretiliyor.<\/p>\n<h4 data-sourcepos=\"19:1-19:42\"><strong>Tulip&#8217;in Ki\u015fiye \u00d6zelle\u015ftirilebilirli\u011fi<\/strong><\/h4>\n<p data-sourcepos=\"21:1-21:320\">Tulip&#8217;in ki\u015fiye g\u00f6re \u00f6zelle\u015ftirilebilmesi \u00f6zelli\u011fi ile bu sayede i\u015fyerinizin ihtiya\u00e7lar\u0131n\u0131 ve tercihlerini tam olarak kar\u015f\u0131laman\u0131z\u0131 sa\u011fl\u0131yor. Tulip&#8217;i, <a href=\"https:\/\/www.palmiyedekorasyon.com\/operasyonel-ofis-mobilya-tak%C4%B1m%C4%B1-03?search=ofis%20mo\">ofisinizin<\/a> b\u00fcy\u00fckl\u00fc\u011f\u00fcne, \u00e7al\u0131\u015fanlar\u0131n\u0131z\u0131n say\u0131s\u0131na ve tercihlerine g\u00f6re diledi\u011finiz gibi tasarlayabilirsiniz. Bu sayede, i\u015fyerinizdeki her alan\u0131 verimli ve konforlu bir \u015fekilde kullanabilirsiniz.<\/p>\n<h4 data-sourcepos=\"23:1-23:34\"><strong>Tulip&#8217;in \u0130\u015fbirli\u011fine Faydalar\u0131<\/strong><\/h4>\n<p data-sourcepos=\"25:1-25:290\">Tulip, i\u015fbirli\u011fini daha verimli hale getirmeye yard\u0131mc\u0131 oluyor. Masalar ve sehpalar aras\u0131ndaki geni\u015f alanlar. Bu sayede \u00e7al\u0131\u015fanlar\u0131n birlikte \u00e7al\u0131\u015fmas\u0131n\u0131 kolayla\u015ft\u0131r\u0131yor. Bu sayede, ekipler daha verimli bir \u015fekilde fikir al\u0131\u015fveri\u015finde bulunabiliyor ve projeler \u00fczerinde daha h\u0131zl\u0131 ilerleyebiliyorlar.<\/p>\n<h4 data-sourcepos=\"27:1-27:44\"><strong>Tulip&#8217;in \u0130\u015fyerinde Verimlili\u011fe Faydalar\u0131<\/strong><\/h4>\n<p data-sourcepos=\"29:1-29:320\">Tulip, i\u015fyerinizdeki verimlili\u011fi art\u0131rmaya yard\u0131mc\u0131 oluyor. Ayn\u0131 zamanda tak\u0131m\u0131n ergonomik yap\u0131s\u0131, \u00e7al\u0131\u015fanlar\u0131n\u0131z\u0131n konforunu ve \u00fcretkenli\u011fini art\u0131r\u0131yor. Tulip&#8217;in hem ki\u015fiye g\u00f6re \u00f6zelle\u015ftirilebilirli\u011fi, i\u015fyerinizdeki her alan\u0131 verimli bir \u015fekilde kullanman\u0131z\u0131 sa\u011fl\u0131yor. Hem de Tulip&#8217;in tasar\u0131m\u0131, i\u015fyerinizdeki ge\u00e7i\u015fleri daha anlaml\u0131 hale getiriyor.<\/p>\n<h4 data-sourcepos=\"31:1-31:9\"><strong>Sonu\u00e7<\/strong><\/h4>\n<p data-sourcepos=\"33:1-33:296\">Makam Tak\u0131m\u0131, modern ofislerin ihtiyac\u0131 olan her \u015feyi bir arada sunuyor. \u015e\u0131k ve zarif tasar\u0131m\u0131, ergonomik yap\u0131s\u0131, dayan\u0131kl\u0131 malzemeleri ve ki\u015fiye \u00f6zelle\u015ftirilebilirli\u011fi ile Tulip, i\u015fyerinizin g\u00f6r\u00fcn\u00fcm\u00fcn\u00fc ve i\u015flevselli\u011fini iyile\u015ftirerek, \u00e7al\u0131\u015fanlar\u0131n\u0131z\u0131n konforunu ve \u00fcretkenli\u011fini art\u0131r\u0131yor.<\/p>\n<p data-sourcepos=\"35:1-35:71\">Tulip Makam Tak\u0131m\u0131, \u00f6zellikle a\u015fa\u011f\u0131daki i\u015fyerlerinde tercih edilebilir:<\/p>\n<ul data-sourcepos=\"37:1-40:0\">\n<li data-sourcepos=\"37:1-37:54\">Modern bir g\u00f6r\u00fcn\u00fcme sahip bir ofis isteyen i\u015fyerleri<\/li>\n<li data-sourcepos=\"38:1-38:70\">\u00c7al\u0131\u015fanlar\u0131n\u0131n konforunu ve \u00fcretkenli\u011fini art\u0131rmak isteyen i\u015fyerleri<\/li>\n<li data-sourcepos=\"39:1-40:0\">\u0130\u015fbirli\u011fini daha verimli hale getirmek isteyen i\u015fyerleri<\/li>\n<\/ul>\n<p data-sourcepos=\"41:1-41:114\">Tulip Makam Tak\u0131m\u0131, i\u015fyerinizin hem \u015fimdiki hem de gelecekteki ihtiya\u00e7lar\u0131n\u0131 kar\u015f\u0131lamak i\u00e7in ideal bir se\u00e7enektir.<\/p>\n","protected":false},"excerpt":{"rendered":"<p>Tak\u0131m\u0131n Tulip Makam Tak\u0131m\u0131: \u0130\u015fyerinizin Esteti\u011fini ve Verimlili\u011fini Art\u0131r\u0131n Tulip Makam Tak\u0131m\u0131, modern ofislerin ihtiyac\u0131 olan her \u015feyi bir arada sunar. \u015e\u0131k ve zarif tasar\u0131m\u0131, ergonomik yap\u0131s\u0131 ve dayan\u0131kl\u0131 malzemeleri ile Tulip, i\u015fyerinizin hem i\u015flevsel hem de estetik a\u00e7\u0131dan m\u00fckemmel g\u00f6r\u00fcnmesini sa\u011fl\u0131yor. Tulip&#8217;in \u015e\u0131k ve Zarif Tasar\u0131m\u0131 Tulip&#8217;in \u015f\u0131k ve zarif tasar\u0131m\u0131, i\u015fyerinize modern bir [&hellip;]<\/p>\n","protected":false},"featured_media":210,"comment_status":"open","ping_status":"closed","template":"","meta":{"_joinchat":[]},"product_cat":[38,35],"product_tag":[52,53],"class_list":{"0":"post-209","1":"product","2":"type-product","3":"status-publish","4":"has-post-thumbnail","6":"product_cat-makam-takimlari","7":"product_cat-ofis-takimlari","8":"product_tag-ofis","9":"product_tag-ofis-takimi","11":"first","12":"instock","13":"shipping-taxable","14":"product-type-simple"},"yoast_head":"<!-- This site is optimized with the Yoast SEO plugin v22.5 - https:\/\/yoast.com\/wordpress\/plugins\/seo\/ -->\n<title>Tulip makam tak\u0131m\u0131<\/title>\n<meta name=\"description\" content=\"Tulip Makam Tak\u0131m\u0131, modern ofislerin ihtiyac\u0131 olan her \u015feyi bir arada sunuyor.\u0130\u015fyerinizin i\u015flevsel ve estetik a\u00e7\u0131dan m\u00fckemmel g\u00f6r\u00fcnmesini sa\u011fl\u0131yor.\" \/>\n<meta name=\"robots\" content=\"index, follow, max-snippet:-1, max-image-preview:large, max-video-preview:-1\" \/>\n<link rel=\"canonical\" href=\"https:\/\/ofistoptan.com\/?product=tulip-makam-takimi\" \/>\n<meta property=\"og:locale\" content=\"tr_TR\" \/>\n<meta property=\"og:type\" content=\"article\" \/>\n<meta property=\"og:title\" content=\"Tulip makam tak\u0131m\u0131\" \/>\n<meta property=\"og:description\" content=\"Tulip Makam Tak\u0131m\u0131, modern ofislerin ihtiyac\u0131 olan her \u015feyi bir arada sunuyor.\u0130\u015fyerinizin i\u015flevsel ve estetik a\u00e7\u0131dan m\u00fckemmel g\u00f6r\u00fcnmesini sa\u011fl\u0131yor.\" \/>\n<meta property=\"og:url\" content=\"https:\/\/ofistoptan.com\/?product=tulip-makam-takimi\" \/>\n<meta property=\"article:modified_time\" content=\"2024-03-02T08:36:44+00:00\" \/>\n<meta property=\"og:image\" content=\"https:\/\/ofistoptan.com\/wp-content\/uploads\/2024\/01\/tulip-makam-takimi.jpg\" \/>\n\t<meta property=\"og:image:width\" content=\"1600\" \/>\n\t<meta property=\"og:image:height\" content=\"765\" \/>\n\t<meta property=\"og:image:type\" content=\"image\/jpeg\" \/>\n<meta name=\"twitter:card\" content=\"summary_large_image\" \/>\n<meta name=\"twitter:label1\" content=\"Tahmini okuma s\u00fcresi\" \/>\n\t<meta name=\"twitter:data1\" content=\"3 dakika\" \/>\n<script type=\"application\/ld+json\" class=\"yoast-schema-graph\">{\"@context\":\"https:\/\/schema.org\",\"@graph\":[{\"@type\":\"WebPage\",\"@id\":\"https:\/\/ofistoptan.com\/?product=tulip-makam-takimi\",\"url\":\"https:\/\/ofistoptan.com\/?product=tulip-makam-takimi\",\"name\":\"Tulip makam tak\u0131m\u0131\",\"isPartOf\":{\"@id\":\"https:\/\/ofistoptan.com\/#website\"},\"primaryImageOfPage\":{\"@id\":\"https:\/\/ofistoptan.com\/?product=tulip-makam-takimi#primaryimage\"},\"image\":{\"@id\":\"https:\/\/ofistoptan.com\/?product=tulip-makam-takimi#primaryimage\"},\"thumbnailUrl\":\"https:\/\/ofistoptan.com\/wp-content\/uploads\/2024\/01\/tulip-makam-takimi.jpg\",\"datePublished\":\"2024-01-04T09:38:11+00:00\",\"dateModified\":\"2024-03-02T08:36:44+00:00\",\"description\":\"Tulip Makam Tak\u0131m\u0131, modern ofislerin ihtiyac\u0131 olan her \u015feyi bir arada sunuyor.\u0130\u015fyerinizin i\u015flevsel ve estetik a\u00e7\u0131dan m\u00fckemmel g\u00f6r\u00fcnmesini sa\u011fl\u0131yor.\",\"breadcrumb\":{\"@id\":\"https:\/\/ofistoptan.com\/?product=tulip-makam-takimi#breadcrumb\"},\"inLanguage\":\"tr\",\"potentialAction\":[{\"@type\":\"ReadAction\",\"target\":[\"https:\/\/ofistoptan.com\/?product=tulip-makam-takimi\"]}]},{\"@type\":\"ImageObject\",\"inLanguage\":\"tr\",\"@id\":\"https:\/\/ofistoptan.com\/?product=tulip-makam-takimi#primaryimage\",\"url\":\"https:\/\/ofistoptan.com\/wp-content\/uploads\/2024\/01\/tulip-makam-takimi.jpg\",\"contentUrl\":\"https:\/\/ofistoptan.com\/wp-content\/uploads\/2024\/01\/tulip-makam-takimi.jpg\",\"width\":1600,\"height\":765},{\"@type\":\"BreadcrumbList\",\"@id\":\"https:\/\/ofistoptan.com\/?product=tulip-makam-takimi#breadcrumb\",\"itemListElement\":[{\"@type\":\"ListItem\",\"position\":1,\"name\":\"Anasayfa\",\"item\":\"https:\/\/ofistoptan.com\/\"},{\"@type\":\"ListItem\",\"position\":2,\"name\":\"Ma\u011faza\",\"item\":\"https:\/\/ofistoptan.com\/?page_id=26\"},{\"@type\":\"ListItem\",\"position\":3,\"name\":\"Tulip Makam Tak\u0131m\u0131\"}]},{\"@type\":\"WebSite\",\"@id\":\"https:\/\/ofistoptan.com\/#website\",\"url\":\"https:\/\/ofistoptan.com\/\",\"name\":\"\",\"description\":\"\",\"potentialAction\":[{\"@type\":\"SearchAction\",\"target\":{\"@type\":\"EntryPoint\",\"urlTemplate\":\"https:\/\/ofistoptan.com\/?s={search_term_string}\"},\"query-input\":\"required name=search_term_string\"}],\"inLanguage\":\"tr\"}]}<\/script>\n<!-- \/ Yoast SEO plugin. -->","yoast_head_json":{"title":"Tulip makam tak\u0131m\u0131","description":"Tulip Makam Tak\u0131m\u0131, modern ofislerin ihtiyac\u0131 olan her \u015feyi bir arada sunuyor.\u0130\u015fyerinizin i\u015flevsel ve estetik a\u00e7\u0131dan m\u00fckemmel g\u00f6r\u00fcnmesini sa\u011fl\u0131yor.","robots":{"index":"index","follow":"follow","max-snippet":"max-snippet:-1","max-image-preview":"max-image-preview:large","max-video-preview":"max-video-preview:-1"},"canonical":"https:\/\/ofistoptan.com\/?product=tulip-makam-takimi","og_locale":"tr_TR","og_type":"article","og_title":"Tulip makam tak\u0131m\u0131","og_description":"Tulip Makam Tak\u0131m\u0131, modern ofislerin ihtiyac\u0131 olan her \u015feyi bir arada sunuyor.\u0130\u015fyerinizin i\u015flevsel ve estetik a\u00e7\u0131dan m\u00fckemmel g\u00f6r\u00fcnmesini sa\u011fl\u0131yor.","og_url":"https:\/\/ofistoptan.com\/?product=tulip-makam-takimi","article_modified_time":"2024-03-02T08:36:44+00:00","og_image":[{"width":1600,"height":765,"url":"https:\/\/ofistoptan.com\/wp-content\/uploads\/2024\/01\/tulip-makam-takimi.jpg","type":"image\/jpeg"}],"twitter_card":"summary_large_image","twitter_misc":{"Tahmini okuma s\u00fcresi":"3 dakika"},"schema":{"@context":"https:\/\/schema.org","@graph":[{"@type":"WebPage","@id":"https:\/\/ofistoptan.com\/?product=tulip-makam-takimi","url":"https:\/\/ofistoptan.com\/?product=tulip-makam-takimi","name":"Tulip makam tak\u0131m\u0131","isPartOf":{"@id":"https:\/\/ofistoptan.com\/#website"},"primaryImageOfPage":{"@id":"https:\/\/ofistoptan.com\/?product=tulip-makam-takimi#primaryimage"},"image":{"@id":"https:\/\/ofistoptan.com\/?product=tulip-makam-takimi#primaryimage"},"thumbnailUrl":"https:\/\/ofistoptan.com\/wp-content\/uploads\/2024\/01\/tulip-makam-takimi.jpg","datePublished":"2024-01-04T09:38:11+00:00","dateModified":"2024-03-02T08:36:44+00:00","description":"Tulip Makam Tak\u0131m\u0131, modern ofislerin ihtiyac\u0131 olan her \u015feyi bir arada sunuyor.\u0130\u015fyerinizin i\u015flevsel ve estetik a\u00e7\u0131dan m\u00fckemmel g\u00f6r\u00fcnmesini sa\u011fl\u0131yor.","breadcrumb":{"@id":"https:\/\/ofistoptan.com\/?product=tulip-makam-takimi#breadcrumb"},"inLanguage":"tr","potentialAction":[{"@type":"ReadAction","target":["https:\/\/ofistoptan.com\/?product=tulip-makam-takimi"]}]},{"@type":"ImageObject","inLanguage":"tr","@id":"https:\/\/ofistoptan.com\/?product=tulip-makam-takimi#primaryimage","url":"https:\/\/ofistoptan.com\/wp-content\/uploads\/2024\/01\/tulip-makam-takimi.jpg","contentUrl":"https:\/\/ofistoptan.com\/wp-content\/uploads\/2024\/01\/tulip-makam-takimi.jpg","width":1600,"height":765},{"@type":"BreadcrumbList","@id":"https:\/\/ofistoptan.com\/?product=tulip-makam-takimi#breadcrumb","itemListElement":[{"@type":"ListItem","position":1,"name":"Anasayfa","item":"https:\/\/ofistoptan.com\/"},{"@type":"ListItem","position":2,"name":"Ma\u011faza","item":"https:\/\/ofistoptan.com\/?page_id=26"},{"@type":"ListItem","position":3,"name":"Tulip Makam Tak\u0131m\u0131"}]},{"@type":"WebSite","@id":"https:\/\/ofistoptan.com\/#website","url":"https:\/\/ofistoptan.com\/","name":"","description":"","potentialAction":[{"@type":"SearchAction","target":{"@type":"EntryPoint","urlTemplate":"https:\/\/ofistoptan.com\/?s={search_term_string}"},"query-input":"required name=search_term_string"}],"inLanguage":"tr"}]}},"jetpack_sharing_enabled":true,"_links":{"self":[{"href":"https:\/\/ofistoptan.com\/index.php?rest_route=\/wp\/v2\/product\/209","targetHints":{"allow":["GET"]}}],"collection":[{"href":"https:\/\/ofistoptan.com\/index.php?rest_route=\/wp\/v2\/product"}],"about":[{"href":"https:\/\/ofistoptan.com\/index.php?rest_route=\/wp\/v2\/types\/product"}],"replies":[{"embeddable":true,"href":"https:\/\/ofistoptan.com\/index.php?rest_route=%2Fwp%2Fv2%2Fcomments&post=209"}],"wp:featuredmedia":[{"embeddable":true,"href":"https:\/\/ofistoptan.com\/index.php?rest_route=\/wp\/v2\/media\/210"}],"wp:attachment":[{"href":"https:\/\/ofistoptan.com\/index.php?rest_route=%2Fwp%2Fv2%2Fmedia&parent=209"}],"wp:term":[{"taxonomy":"product_cat","embeddable":true,"href":"https:\/\/ofistoptan.com\/index.php?rest_route=%2Fwp%2Fv2%2Fproduct_cat&post=209"},{"taxonomy":"product_tag","embeddable":true,"href":"https:\/\/ofistoptan.com\/index.php?rest_route=%2Fwp%2Fv2%2Fproduct_tag&post=209"}],"curies":[{"name":"wp","href":"https:\/\/api.w.org\/{rel}","templated":true}]}}